{"id":467,"date":"2022-06-29T14:46:11","date_gmt":"2022-06-29T14:46:11","guid":{"rendered":"https:\/\/vocomilanfieredefinitive.ms.decms.eu\/camere-e-suite\/"},"modified":"2025-03-20T16:51:40","modified_gmt":"2025-03-20T16:51:40","slug":"zimmer-und-suiten","status":"publish","type":"page","link":"https:\/\/www.milanfierehotel.com\/de\/zimmer-und-suiten\/","title":{"rendered":"Zimmer &amp; Suiten"},"content":{"rendered":"<p><span style=\"font-weight: 400\">Wir haben jedes Zimmer in unserem Hotel mit Blick auf Ihren <\/span><b>Komfort<\/b><span style=\"font-weight: 400\"> eingerichtet, so dass es sich sowohl f\u00fcr eine vollst\u00e4ndige Entspannung als auch f\u00fcr ein produktives, intelligentes Arbeiten eignet, ohne dabei das <\/span><b>Design<\/b><span style=\"font-weight: 400\"> zu vergessen. Jedes Zimmer in unserem Hotel ist ger\u00e4umig, hell und komfortabel, mit modernen M\u00f6beln mit geschwungenen Linien eingerichtet und bietet Zimmerservice zu jeder Tageszeit.<\/span><\/p>\n","protected":false},"excerpt":{"rendered":"<p>Wir haben jedes Zimmer in unserem Hotel mit Blick auf Ihren Komfort eingerichtet, so dass es sich sowohl f\u00fcr eine vollst\u00e4ndige Entspannung als auch f\u00fcr ein produktives, intelligentes Arbeiten eignet, ohne dabei das Design zu vergessen. Jedes Zimmer in unserem Hotel ist ger\u00e4umig, hell und komfortabel, mit modernen M\u00f6beln mit geschwungenen Linien eingerichtet und bietet [&hellip;]<\/p>\n","protected":false},"author":6,"featured_media":0,"parent":0,"menu_order":20,"comment_status":"closed","ping_status":"closed","template":"template-rooms.php","meta":{"footnotes":""},"class_list":["post-467","page","type-page","status-publish","hentry"],"yoast_head":"<!-- This site is optimized with the Yoast SEO plugin v26.9 - https:\/\/yoast.com\/product\/yoast-seo-wordpress\/ -->\n<title>Zimmer und Suiten: Premium, barrierefrei | voco\u00ae Milan-Fiere<\/title>\n<meta name=\"description\" content=\"Entdecken Sie Zimmer und Suiten f\u00fcr Ihren Aufenthalt in Mailand. Premium- und barrierefreie L\u00f6sungen f\u00fcr Gesch\u00e4ftsreisen und Familienurlaube. Entdecken Sie die Angebote von voco\u00ae Milan-Fiere.\" \/>\n<meta name=\"robots\" content=\"index, follow, max-snippet:-1, max-image-preview:large, max-video-preview:-1\" \/>\n<link rel=\"canonical\" href=\"https:\/\/www.milanfierehotel.com\/de\/zimmer-und-suiten\/\" \/>\n<meta property=\"og:locale\" content=\"de_DE\" \/>\n<meta property=\"og:type\" content=\"article\" \/>\n<meta property=\"og:title\" content=\"Zimmer und Suiten: Premium, barrierefrei | voco\u00ae Milan-Fiere\" \/>\n<meta property=\"og:description\" content=\"Entdecken Sie Zimmer und Suiten f\u00fcr Ihren Aufenthalt in Mailand. Premium- und barrierefreie L\u00f6sungen f\u00fcr Gesch\u00e4ftsreisen und Familienurlaube. Entdecken Sie die Angebote von voco\u00ae Milan-Fiere.\" \/>\n<meta property=\"og:url\" content=\"https:\/\/www.milanfierehotel.com\/de\/zimmer-und-suiten\/\" \/>\n<meta property=\"og:site_name\" content=\"Voco Milan Fiere\" \/>\n<meta property=\"article:modified_time\" content=\"2025-03-20T16:51:40+00:00\" \/>\n<meta name=\"twitter:card\" content=\"summary_large_image\" \/>\n<meta name=\"twitter:label1\" content=\"Gesch\u00e4tzte Lesezeit\" \/>\n\t<meta name=\"twitter:data1\" content=\"1 Minute\" \/>\n<script type=\"application\/ld+json\" class=\"yoast-schema-graph\">{\"@context\":\"https:\/\/schema.org\",\"@graph\":[{\"@type\":\"WebPage\",\"@id\":\"https:\/\/www.milanfierehotel.com\/de\/zimmer-und-suiten\/\",\"url\":\"https:\/\/www.milanfierehotel.com\/de\/zimmer-und-suiten\/\",\"name\":\"Zimmer und Suiten: Premium, barrierefrei | voco\u00ae Milan-Fiere\",\"isPartOf\":{\"@id\":\"https:\/\/www.milanfierehotel.com\/de\/#website\"},\"datePublished\":\"2022-06-29T14:46:11+00:00\",\"dateModified\":\"2025-03-20T16:51:40+00:00\",\"description\":\"Entdecken Sie Zimmer und Suiten f\u00fcr Ihren Aufenthalt in Mailand. Premium- und barrierefreie L\u00f6sungen f\u00fcr Gesch\u00e4ftsreisen und Familienurlaube. Entdecken Sie die Angebote von voco\u00ae Milan-Fiere.\",\"breadcrumb\":{\"@id\":\"https:\/\/www.milanfierehotel.com\/de\/zimmer-und-suiten\/#breadcrumb\"},\"inLanguage\":\"de-DE\",\"potentialAction\":[{\"@type\":\"ReadAction\",\"target\":[\"https:\/\/www.milanfierehotel.com\/de\/zimmer-und-suiten\/\"]}]},{\"@type\":\"BreadcrumbList\",\"@id\":\"https:\/\/www.milanfierehotel.com\/de\/zimmer-und-suiten\/#breadcrumb\",\"itemListElement\":[{\"@type\":\"ListItem\",\"position\":1,\"name\":\"Home\",\"item\":\"https:\/\/www.milanfierehotel.com\/de\/\"},{\"@type\":\"ListItem\",\"position\":2,\"name\":\"Zimmer &amp; Suiten\"}]},{\"@type\":\"WebSite\",\"@id\":\"https:\/\/www.milanfierehotel.com\/de\/#website\",\"url\":\"https:\/\/www.milanfierehotel.com\/de\/\",\"name\":\"Voco Milan Fiere\",\"description\":\"Just another ms.decms.eu site\",\"publisher\":{\"@id\":\"https:\/\/www.milanfierehotel.com\/de\/#organization\"},\"potentialAction\":[{\"@type\":\"SearchAction\",\"target\":{\"@type\":\"EntryPoint\",\"urlTemplate\":\"https:\/\/www.milanfierehotel.com\/de\/?s={search_term_string}\"},\"query-input\":{\"@type\":\"PropertyValueSpecification\",\"valueRequired\":true,\"valueName\":\"search_term_string\"}}],\"inLanguage\":\"de-DE\"},{\"@type\":\"Organization\",\"@id\":\"https:\/\/www.milanfierehotel.com\/de\/#organization\",\"name\":\"Voco Milano Fiere\",\"url\":\"https:\/\/www.milanfierehotel.com\/de\/\",\"logo\":{\"@type\":\"ImageObject\",\"inLanguage\":\"de-DE\",\"@id\":\"https:\/\/www.milanfierehotel.com\/de\/#\/schema\/logo\/image\/\",\"url\":\"https:\/\/www.milanfierehotel.com\/wp-content\/uploads\/sites\/402\/2022\/07\/02-Hotel-Reception-voco-Milan-Fiere.jpg\",\"contentUrl\":\"https:\/\/www.milanfierehotel.com\/wp-content\/uploads\/sites\/402\/2022\/07\/02-Hotel-Reception-voco-Milan-Fiere.jpg\",\"width\":2200,\"height\":1200,\"caption\":\"Voco Milano Fiere\"},\"image\":{\"@id\":\"https:\/\/www.milanfierehotel.com\/de\/#\/schema\/logo\/image\/\"}}]}<\/script>\n<!-- \/ Yoast SEO plugin. -->","yoast_head_json":{"title":"Zimmer und Suiten: Premium, barrierefrei | voco\u00ae Milan-Fiere","description":"Entdecken Sie Zimmer und Suiten f\u00fcr Ihren Aufenthalt in Mailand. Premium- und barrierefreie L\u00f6sungen f\u00fcr Gesch\u00e4ftsreisen und Familienurlaube. Entdecken Sie die Angebote von voco\u00ae Milan-Fiere.","robots":{"index":"index","follow":"follow","max-snippet":"max-snippet:-1","max-image-preview":"max-image-preview:large","max-video-preview":"max-video-preview:-1"},"canonical":"https:\/\/www.milanfierehotel.com\/de\/zimmer-und-suiten\/","og_locale":"de_DE","og_type":"article","og_title":"Zimmer und Suiten: Premium, barrierefrei | voco\u00ae Milan-Fiere","og_description":"Entdecken Sie Zimmer und Suiten f\u00fcr Ihren Aufenthalt in Mailand. Premium- und barrierefreie L\u00f6sungen f\u00fcr Gesch\u00e4ftsreisen und Familienurlaube. Entdecken Sie die Angebote von voco\u00ae Milan-Fiere.","og_url":"https:\/\/www.milanfierehotel.com\/de\/zimmer-und-suiten\/","og_site_name":"Voco Milan Fiere","article_modified_time":"2025-03-20T16:51:40+00:00","twitter_card":"summary_large_image","twitter_misc":{"Gesch\u00e4tzte Lesezeit":"1 Minute"},"schema":{"@context":"https:\/\/schema.org","@graph":[{"@type":"WebPage","@id":"https:\/\/www.milanfierehotel.com\/de\/zimmer-und-suiten\/","url":"https:\/\/www.milanfierehotel.com\/de\/zimmer-und-suiten\/","name":"Zimmer und Suiten: Premium, barrierefrei | voco\u00ae Milan-Fiere","isPartOf":{"@id":"https:\/\/www.milanfierehotel.com\/de\/#website"},"datePublished":"2022-06-29T14:46:11+00:00","dateModified":"2025-03-20T16:51:40+00:00","description":"Entdecken Sie Zimmer und Suiten f\u00fcr Ihren Aufenthalt in Mailand. Premium- und barrierefreie L\u00f6sungen f\u00fcr Gesch\u00e4ftsreisen und Familienurlaube. Entdecken Sie die Angebote von voco\u00ae Milan-Fiere.","breadcrumb":{"@id":"https:\/\/www.milanfierehotel.com\/de\/zimmer-und-suiten\/#breadcrumb"},"inLanguage":"de-DE","potentialAction":[{"@type":"ReadAction","target":["https:\/\/www.milanfierehotel.com\/de\/zimmer-und-suiten\/"]}]},{"@type":"BreadcrumbList","@id":"https:\/\/www.milanfierehotel.com\/de\/zimmer-und-suiten\/#breadcrumb","itemListElement":[{"@type":"ListItem","position":1,"name":"Home","item":"https:\/\/www.milanfierehotel.com\/de\/"},{"@type":"ListItem","position":2,"name":"Zimmer &amp; Suiten"}]},{"@type":"WebSite","@id":"https:\/\/www.milanfierehotel.com\/de\/#website","url":"https:\/\/www.milanfierehotel.com\/de\/","name":"Voco Milan Fiere","description":"Just another ms.decms.eu site","publisher":{"@id":"https:\/\/www.milanfierehotel.com\/de\/#organization"},"potentialAction":[{"@type":"SearchAction","target":{"@type":"EntryPoint","urlTemplate":"https:\/\/www.milanfierehotel.com\/de\/?s={search_term_string}"},"query-input":{"@type":"PropertyValueSpecification","valueRequired":true,"valueName":"search_term_string"}}],"inLanguage":"de-DE"},{"@type":"Organization","@id":"https:\/\/www.milanfierehotel.com\/de\/#organization","name":"Voco Milano Fiere","url":"https:\/\/www.milanfierehotel.com\/de\/","logo":{"@type":"ImageObject","inLanguage":"de-DE","@id":"https:\/\/www.milanfierehotel.com\/de\/#\/schema\/logo\/image\/","url":"https:\/\/www.milanfierehotel.com\/wp-content\/uploads\/sites\/402\/2022\/07\/02-Hotel-Reception-voco-Milan-Fiere.jpg","contentUrl":"https:\/\/www.milanfierehotel.com\/wp-content\/uploads\/sites\/402\/2022\/07\/02-Hotel-Reception-voco-Milan-Fiere.jpg","width":2200,"height":1200,"caption":"Voco Milano Fiere"},"image":{"@id":"https:\/\/www.milanfierehotel.com\/de\/#\/schema\/logo\/image\/"}}]}},"acf":[],"_links":{"self":[{"href":"https:\/\/www.milanfierehotel.com\/de\/wp-json\/wp\/v2\/pages\/467","targetHints":{"allow":["GET"]}}],"collection":[{"href":"https:\/\/www.milanfierehotel.com\/de\/wp-json\/wp\/v2\/pages"}],"about":[{"href":"https:\/\/www.milanfierehotel.com\/de\/wp-json\/wp\/v2\/types\/page"}],"author":[{"embeddable":true,"href":"https:\/\/www.milanfierehotel.com\/de\/wp-json\/wp\/v2\/users\/6"}],"replies":[{"embeddable":true,"href":"https:\/\/www.milanfierehotel.com\/de\/wp-json\/wp\/v2\/comments?post=467"}],"version-history":[{"count":0,"href":"https:\/\/www.milanfierehotel.com\/de\/wp-json\/wp\/v2\/pages\/467\/revisions"}],"wp:attachment":[{"href":"https:\/\/www.milanfierehotel.com\/de\/wp-json\/wp\/v2\/media?parent=467"}],"curies":[{"name":"wp","href":"https:\/\/api.w.org\/{rel}","templated":true}]}}

<p><span style="font-weight: 400">Wir haben jedes Zimmer in unserem Hotel mit Blick auf Ihren </span><b>Komfort</b><span style="font-weight: 400"> eingerichtet, so dass es sich sowohl für eine vollständige Entspannung als auch für ein produktives, intelligentes Arbeiten eignet, ohne dabei das </span><b>Design</b><span style="font-weight: 400"> zu vergessen. Jedes Zimmer in unserem Hotel ist geräumig, hell und komfortabel, mit modernen Möbeln mit geschwungenen Linien eingerichtet und bietet Zimmerservice zu jeder Tageszeit.</span></p>

<p>Wir haben jedes Zimmer in unserem Hotel mit Blick auf Ihren Komfort eingerichtet, so dass es sich sowohl für eine vollständige Entspannung als auch für ein produktives, intelligentes Arbeiten eignet, ohne dabei das Design zu vergessen. Jedes Zimmer in unserem Hotel ist geräumig, hell und komfortabel, mit modernen Möbeln mit geschwungenen Linien eingerichtet und bietet [&hellip;]</p>

<!-- This site is optimized with the Yoast SEO plugin v26.9 - https://yoast.com/product/yoast-seo-wordpress/ -->
<title>Zimmer und Suiten: Premium, barrierefrei | voco® Milan-Fiere</title>
<meta name="description" content="Entdecken Sie Zimmer und Suiten für Ihren Aufenthalt in Mailand. Premium- und barrierefreie Lösungen für Geschäftsreisen und Familienurlaube. Entdecken Sie die Angebote von voco® Milan-Fiere." />
<meta name="robots" content="index, follow, max-snippet:-1, max-image-preview:large, max-video-preview:-1" />
<link rel="canonical" href="https://www.milanfierehotel.com/de/zimmer-und-suiten/" />
<meta property="og:locale" content="de_DE" />
<meta property="og:type" content="article" />
<meta property="og:title" content="Zimmer und Suiten: Premium, barrierefrei | voco® Milan-Fiere" />
<meta property="og:description" content="Entdecken Sie Zimmer und Suiten für Ihren Aufenthalt in Mailand. Premium- und barrierefreie Lösungen für Geschäftsreisen und Familienurlaube. Entdecken Sie die Angebote von voco® Milan-Fiere." />
<meta property="og:url" content="https://www.milanfierehotel.com/de/zimmer-und-suiten/" />
<meta property="og:site_name" content="Voco Milan Fiere" />
<meta property="article:modified_time" content="2025-03-20T16:51:40+00:00" />
<meta name="twitter:card" content="summary_large_image" />
<meta name="twitter:label1" content="Geschätzte Lesezeit" />
	<meta name="twitter:data1" content="1 Minute" />
<script type="application/ld+json" class="yoast-schema-graph">{"@context":"https://schema.org","@graph":[{"@type":"WebPage","@id":"https://www.milanfierehotel.com/de/zimmer-und-suiten/","url":"https://www.milanfierehotel.com/de/zimmer-und-suiten/","name":"Zimmer und Suiten: Premium, barrierefrei | voco® Milan-Fiere","isPartOf":{"@id":"https://www.milanfierehotel.com/de/#website"},"datePublished":"2022-06-29T14:46:11+00:00","dateModified":"2025-03-20T16:51:40+00:00","description":"Entdecken Sie Zimmer und Suiten für Ihren Aufenthalt in Mailand. Premium- und barrierefreie Lösungen für Geschäftsreisen und Familienurlaube. Entdecken Sie die Angebote von voco® Milan-Fiere.","breadcrumb":{"@id":"https://www.milanfierehotel.com/de/zimmer-und-suiten/#breadcrumb"},"inLanguage":"de-DE","potentialAction":[{"@type":"ReadAction","target":["https://www.milanfierehotel.com/de/zimmer-und-suiten/"]}]},{"@type":"BreadcrumbList","@id":"https://www.milanfierehotel.com/de/zimmer-und-suiten/#breadcrumb","itemListElement":[{"@type":"ListItem","position":1,"name":"Home","item":"https://www.milanfierehotel.com/de/"},{"@type":"ListItem","position":2,"name":"Zimmer &amp; Suiten"}]},{"@type":"WebSite","@id":"https://www.milanfierehotel.com/de/#website","url":"https://www.milanfierehotel.com/de/","name":"Voco Milan Fiere","description":"Just another ms.decms.eu site","publisher":{"@id":"https://www.milanfierehotel.com/de/#organization"},"potentialAction":[{"@type":"SearchAction","target":{"@type":"EntryPoint","urlTemplate":"https://www.milanfierehotel.com/de/?s={search_term_string}"},"query-input":{"@type":"PropertyValueSpecification","valueRequired":true,"valueName":"search_term_string"}}],"inLanguage":"de-DE"},{"@type":"Organization","@id":"https://www.milanfierehotel.com/de/#organization","name":"Voco Milano Fiere","url":"https://www.milanfierehotel.com/de/","logo":{"@type":"ImageObject","inLanguage":"de-DE","@id":"https://www.milanfierehotel.com/de/#/schema/logo/image/","url":"https://www.milanfierehotel.com/wp-content/uploads/sites/402/2022/07/02-Hotel-Reception-voco-Milan-Fiere.jpg","contentUrl":"https://www.milanfierehotel.com/wp-content/uploads/sites/402/2022/07/02-Hotel-Reception-voco-Milan-Fiere.jpg","width":2200,"height":1200,"caption":"Voco Milano Fiere"},"image":{"@id":"https://www.milanfierehotel.com/de/#/schema/logo/image/"}}]}</script>
<!-- / Yoast SEO plugin. -->

Entdecken Sie Zimmer und Suiten für Ihren Aufenthalt in Mailand. Premium- und barrierefreie Lösungen für Geschäftsreisen und Familienurlaube. Entdecken Sie die Angebote von voco® Milan-Fiere.
