{"id":1224,"date":"2024-01-31T14:41:26","date_gmt":"2024-01-31T14:41:26","guid":{"rendered":"https:\/\/www.milanfierehotel.com\/hotel\/sustainability-and-csr\/"},"modified":"2026-02-17T09:15:47","modified_gmt":"2026-02-17T09:15:47","slug":"sustainability-and-csr","status":"publish","type":"page","link":"https:\/\/www.milanfierehotel.com\/fr\/hotel\/sustainability-and-csr\/","title":{"rendered":"Durabilit\u00e9 et CSR"},"content":{"rendered":"<p>Le voco Milan-Fiere confirme son <strong>engagement en mati\u00e8re de responsabilit\u00e9 environnementale et territoriale <\/strong>avec l\u2019obtention r\u00e9cente de la certification Green Key, le 1<sup>er<\/sup> \u00e9colabel international pour l\u2019h\u00e9bergement touristique. Des initiatives \u00e9cologiques, comme le tri s\u00e9lectif et les \u00e9conomies d&rsquo;\u00e9nergie, \u00e0 l\u2019implication active de nos \u00e9quipes, chaque aspect de notre d\u00e9marche constitue un pas <strong>vers la r\u00e9duction de notre impact sur l&rsquo;environnement<\/strong>.<\/p>\n","protected":false},"excerpt":{"rendered":"<p>Le voco Milan-Fiere confirme son engagement en mati\u00e8re de responsabilit\u00e9 environnementale et territoriale avec l\u2019obtention r\u00e9cente de la certification Green Key, le 1er \u00e9colabel international pour l\u2019h\u00e9bergement touristique. Des initiatives \u00e9cologiques, comme le tri s\u00e9lectif et les \u00e9conomies d&rsquo;\u00e9nergie, \u00e0 l\u2019implication active de nos \u00e9quipes, chaque aspect de notre d\u00e9marche constitue un pas vers la [&hellip;]<\/p>\n","protected":false},"author":652,"featured_media":0,"parent":458,"menu_order":0,"comment_status":"closed","ping_status":"closed","template":"template-surroundings.php","meta":{"footnotes":""},"class_list":["post-1224","page","type-page","status-publish","hentry"],"yoast_head":"<!-- This site is optimized with the Yoast SEO plugin v26.9 - https:\/\/yoast.com\/product\/yoast-seo-wordpress\/ -->\n<title>Durabilit\u00e9 et CSR - Voco Milan Fiere<\/title>\n<meta name=\"description\" content=\"voco Milan Fiere obtains Green Key certification, the standard of excellence in the field of hotel sustainability\" \/>\n<meta name=\"robots\" content=\"index, follow, max-snippet:-1, max-image-preview:large, max-video-preview:-1\" \/>\n<link rel=\"canonical\" href=\"https:\/\/www.milanfierehotel.com\/fr\/hotel\/sustainability-and-csr\/\" \/>\n<meta property=\"og:locale\" content=\"fr_FR\" \/>\n<meta property=\"og:type\" content=\"article\" \/>\n<meta property=\"og:title\" content=\"Durabilit\u00e9 et CSR - Voco Milan Fiere\" \/>\n<meta property=\"og:description\" content=\"voco Milan Fiere obtains Green Key certification, the standard of excellence in the field of hotel sustainability\" \/>\n<meta property=\"og:url\" content=\"https:\/\/www.milanfierehotel.com\/fr\/hotel\/sustainability-and-csr\/\" \/>\n<meta property=\"og:site_name\" content=\"Voco Milan Fiere\" \/>\n<meta property=\"article:modified_time\" content=\"2026-02-17T09:15:47+00:00\" \/>\n<meta name=\"twitter:card\" content=\"summary_large_image\" \/>\n<meta name=\"twitter:label1\" content=\"Dur\u00e9e de lecture estim\u00e9e\" \/>\n\t<meta name=\"twitter:data1\" content=\"1 minute\" \/>\n<script type=\"application\/ld+json\" class=\"yoast-schema-graph\">{\"@context\":\"https:\/\/schema.org\",\"@graph\":[{\"@type\":\"WebPage\",\"@id\":\"https:\/\/www.milanfierehotel.com\/fr\/hotel\/sustainability-and-csr\/\",\"url\":\"https:\/\/www.milanfierehotel.com\/fr\/hotel\/sustainability-and-csr\/\",\"name\":\"Durabilit\u00e9 et CSR - Voco Milan Fiere\",\"isPartOf\":{\"@id\":\"https:\/\/www.milanfierehotel.com\/fr\/#website\"},\"datePublished\":\"2024-01-31T14:41:26+00:00\",\"dateModified\":\"2026-02-17T09:15:47+00:00\",\"description\":\"voco Milan Fiere obtains Green Key certification, the standard of excellence in the field of hotel sustainability\",\"breadcrumb\":{\"@id\":\"https:\/\/www.milanfierehotel.com\/fr\/hotel\/sustainability-and-csr\/#breadcrumb\"},\"inLanguage\":\"fr-FR\",\"potentialAction\":[{\"@type\":\"ReadAction\",\"target\":[\"https:\/\/www.milanfierehotel.com\/fr\/hotel\/sustainability-and-csr\/\"]}]},{\"@type\":\"BreadcrumbList\",\"@id\":\"https:\/\/www.milanfierehotel.com\/fr\/hotel\/sustainability-and-csr\/#breadcrumb\",\"itemListElement\":[{\"@type\":\"ListItem\",\"position\":1,\"name\":\"Home\",\"item\":\"https:\/\/www.milanfierehotel.com\/fr\/\"},{\"@type\":\"ListItem\",\"position\":2,\"name\":\"Hotel\",\"item\":\"https:\/\/www.milanfierehotel.com\/fr\/hotel\/\"},{\"@type\":\"ListItem\",\"position\":3,\"name\":\"Durabilit\u00e9 et CSR\"}]},{\"@type\":\"WebSite\",\"@id\":\"https:\/\/www.milanfierehotel.com\/fr\/#website\",\"url\":\"https:\/\/www.milanfierehotel.com\/fr\/\",\"name\":\"Voco Milan Fiere\",\"description\":\"Just another ms.decms.eu site\",\"publisher\":{\"@id\":\"https:\/\/www.milanfierehotel.com\/fr\/#organization\"},\"potentialAction\":[{\"@type\":\"SearchAction\",\"target\":{\"@type\":\"EntryPoint\",\"urlTemplate\":\"https:\/\/www.milanfierehotel.com\/fr\/?s={search_term_string}\"},\"query-input\":{\"@type\":\"PropertyValueSpecification\",\"valueRequired\":true,\"valueName\":\"search_term_string\"}}],\"inLanguage\":\"fr-FR\"},{\"@type\":\"Organization\",\"@id\":\"https:\/\/www.milanfierehotel.com\/fr\/#organization\",\"name\":\"Voco Milano Fiere\",\"url\":\"https:\/\/www.milanfierehotel.com\/fr\/\",\"logo\":{\"@type\":\"ImageObject\",\"inLanguage\":\"fr-FR\",\"@id\":\"https:\/\/www.milanfierehotel.com\/fr\/#\/schema\/logo\/image\/\",\"url\":\"https:\/\/www.milanfierehotel.com\/wp-content\/uploads\/sites\/402\/2022\/07\/02-Hotel-Reception-voco-Milan-Fiere.jpg\",\"contentUrl\":\"https:\/\/www.milanfierehotel.com\/wp-content\/uploads\/sites\/402\/2022\/07\/02-Hotel-Reception-voco-Milan-Fiere.jpg\",\"width\":2200,\"height\":1200,\"caption\":\"Voco Milano Fiere\"},\"image\":{\"@id\":\"https:\/\/www.milanfierehotel.com\/fr\/#\/schema\/logo\/image\/\"}}]}<\/script>\n<!-- \/ Yoast SEO plugin. -->","yoast_head_json":{"title":"Durabilit\u00e9 et CSR - Voco Milan Fiere","description":"voco Milan Fiere obtains Green Key certification, the standard of excellence in the field of hotel sustainability","robots":{"index":"index","follow":"follow","max-snippet":"max-snippet:-1","max-image-preview":"max-image-preview:large","max-video-preview":"max-video-preview:-1"},"canonical":"https:\/\/www.milanfierehotel.com\/fr\/hotel\/sustainability-and-csr\/","og_locale":"fr_FR","og_type":"article","og_title":"Durabilit\u00e9 et CSR - Voco Milan Fiere","og_description":"voco Milan Fiere obtains Green Key certification, the standard of excellence in the field of hotel sustainability","og_url":"https:\/\/www.milanfierehotel.com\/fr\/hotel\/sustainability-and-csr\/","og_site_name":"Voco Milan Fiere","article_modified_time":"2026-02-17T09:15:47+00:00","twitter_card":"summary_large_image","twitter_misc":{"Dur\u00e9e de lecture estim\u00e9e":"1 minute"},"schema":{"@context":"https:\/\/schema.org","@graph":[{"@type":"WebPage","@id":"https:\/\/www.milanfierehotel.com\/fr\/hotel\/sustainability-and-csr\/","url":"https:\/\/www.milanfierehotel.com\/fr\/hotel\/sustainability-and-csr\/","name":"Durabilit\u00e9 et CSR - Voco Milan Fiere","isPartOf":{"@id":"https:\/\/www.milanfierehotel.com\/fr\/#website"},"datePublished":"2024-01-31T14:41:26+00:00","dateModified":"2026-02-17T09:15:47+00:00","description":"voco Milan Fiere obtains Green Key certification, the standard of excellence in the field of hotel sustainability","breadcrumb":{"@id":"https:\/\/www.milanfierehotel.com\/fr\/hotel\/sustainability-and-csr\/#breadcrumb"},"inLanguage":"fr-FR","potentialAction":[{"@type":"ReadAction","target":["https:\/\/www.milanfierehotel.com\/fr\/hotel\/sustainability-and-csr\/"]}]},{"@type":"BreadcrumbList","@id":"https:\/\/www.milanfierehotel.com\/fr\/hotel\/sustainability-and-csr\/#breadcrumb","itemListElement":[{"@type":"ListItem","position":1,"name":"Home","item":"https:\/\/www.milanfierehotel.com\/fr\/"},{"@type":"ListItem","position":2,"name":"Hotel","item":"https:\/\/www.milanfierehotel.com\/fr\/hotel\/"},{"@type":"ListItem","position":3,"name":"Durabilit\u00e9 et CSR"}]},{"@type":"WebSite","@id":"https:\/\/www.milanfierehotel.com\/fr\/#website","url":"https:\/\/www.milanfierehotel.com\/fr\/","name":"Voco Milan Fiere","description":"Just another ms.decms.eu site","publisher":{"@id":"https:\/\/www.milanfierehotel.com\/fr\/#organization"},"potentialAction":[{"@type":"SearchAction","target":{"@type":"EntryPoint","urlTemplate":"https:\/\/www.milanfierehotel.com\/fr\/?s={search_term_string}"},"query-input":{"@type":"PropertyValueSpecification","valueRequired":true,"valueName":"search_term_string"}}],"inLanguage":"fr-FR"},{"@type":"Organization","@id":"https:\/\/www.milanfierehotel.com\/fr\/#organization","name":"Voco Milano Fiere","url":"https:\/\/www.milanfierehotel.com\/fr\/","logo":{"@type":"ImageObject","inLanguage":"fr-FR","@id":"https:\/\/www.milanfierehotel.com\/fr\/#\/schema\/logo\/image\/","url":"https:\/\/www.milanfierehotel.com\/wp-content\/uploads\/sites\/402\/2022\/07\/02-Hotel-Reception-voco-Milan-Fiere.jpg","contentUrl":"https:\/\/www.milanfierehotel.com\/wp-content\/uploads\/sites\/402\/2022\/07\/02-Hotel-Reception-voco-Milan-Fiere.jpg","width":2200,"height":1200,"caption":"Voco Milano Fiere"},"image":{"@id":"https:\/\/www.milanfierehotel.com\/fr\/#\/schema\/logo\/image\/"}}]}},"acf":[],"_links":{"self":[{"href":"https:\/\/www.milanfierehotel.com\/fr\/wp-json\/wp\/v2\/pages\/1224","targetHints":{"allow":["GET"]}}],"collection":[{"href":"https:\/\/www.milanfierehotel.com\/fr\/wp-json\/wp\/v2\/pages"}],"about":[{"href":"https:\/\/www.milanfierehotel.com\/fr\/wp-json\/wp\/v2\/types\/page"}],"author":[{"embeddable":true,"href":"https:\/\/www.milanfierehotel.com\/fr\/wp-json\/wp\/v2\/users\/652"}],"replies":[{"embeddable":true,"href":"https:\/\/www.milanfierehotel.com\/fr\/wp-json\/wp\/v2\/comments?post=1224"}],"version-history":[{"count":0,"href":"https:\/\/www.milanfierehotel.com\/fr\/wp-json\/wp\/v2\/pages\/1224\/revisions"}],"up":[{"embeddable":true,"href":"https:\/\/www.milanfierehotel.com\/fr\/wp-json\/wp\/v2\/pages\/458"}],"wp:attachment":[{"href":"https:\/\/www.milanfierehotel.com\/fr\/wp-json\/wp\/v2\/media?parent=1224"}],"curies":[{"name":"wp","href":"https:\/\/api.w.org\/{rel}","templated":true}]}}

Durabilité et CSR

<p>Le voco Milan-Fiere confirme son <strong>engagement en matière de responsabilité environnementale et territoriale </strong>avec l’obtention récente de la certification Green Key, le 1<sup>er</sup> écolabel international pour l’hébergement touristique. Des initiatives écologiques, comme le tri sélectif et les économies d&rsquo;énergie, à l’implication active de nos équipes, chaque aspect de notre démarche constitue un pas <strong>vers la réduction de notre impact sur l&rsquo;environnement</strong>.</p>

<p>Le voco Milan-Fiere confirme son engagement en matière de responsabilité environnementale et territoriale avec l’obtention récente de la certification Green Key, le 1er écolabel international pour l’hébergement touristique. Des initiatives écologiques, comme le tri sélectif et les économies d&rsquo;énergie, à l’implication active de nos équipes, chaque aspect de notre démarche constitue un pas vers la [&hellip;]</p>

<!-- This site is optimized with the Yoast SEO plugin v26.9 - https://yoast.com/product/yoast-seo-wordpress/ -->
<title>Durabilité et CSR - Voco Milan Fiere</title>
<meta name="description" content="voco Milan Fiere obtains Green Key certification, the standard of excellence in the field of hotel sustainability" />
<meta name="robots" content="index, follow, max-snippet:-1, max-image-preview:large, max-video-preview:-1" />
<link rel="canonical" href="https://www.milanfierehotel.com/fr/hotel/sustainability-and-csr/" />
<meta property="og:locale" content="fr_FR" />
<meta property="og:type" content="article" />
<meta property="og:title" content="Durabilité et CSR - Voco Milan Fiere" />
<meta property="og:description" content="voco Milan Fiere obtains Green Key certification, the standard of excellence in the field of hotel sustainability" />
<meta property="og:url" content="https://www.milanfierehotel.com/fr/hotel/sustainability-and-csr/" />
<meta property="og:site_name" content="Voco Milan Fiere" />
<meta property="article:modified_time" content="2026-02-17T09:15:47+00:00" />
<meta name="twitter:card" content="summary_large_image" />
<meta name="twitter:label1" content="Durée de lecture estimée" />
	<meta name="twitter:data1" content="1 minute" />
<script type="application/ld+json" class="yoast-schema-graph">{"@context":"https://schema.org","@graph":[{"@type":"WebPage","@id":"https://www.milanfierehotel.com/fr/hotel/sustainability-and-csr/","url":"https://www.milanfierehotel.com/fr/hotel/sustainability-and-csr/","name":"Durabilité et CSR - Voco Milan Fiere","isPartOf":{"@id":"https://www.milanfierehotel.com/fr/#website"},"datePublished":"2024-01-31T14:41:26+00:00","dateModified":"2026-02-17T09:15:47+00:00","description":"voco Milan Fiere obtains Green Key certification, the standard of excellence in the field of hotel sustainability","breadcrumb":{"@id":"https://www.milanfierehotel.com/fr/hotel/sustainability-and-csr/#breadcrumb"},"inLanguage":"fr-FR","potentialAction":[{"@type":"ReadAction","target":["https://www.milanfierehotel.com/fr/hotel/sustainability-and-csr/"]}]},{"@type":"BreadcrumbList","@id":"https://www.milanfierehotel.com/fr/hotel/sustainability-and-csr/#breadcrumb","itemListElement":[{"@type":"ListItem","position":1,"name":"Home","item":"https://www.milanfierehotel.com/fr/"},{"@type":"ListItem","position":2,"name":"Hotel","item":"https://www.milanfierehotel.com/fr/hotel/"},{"@type":"ListItem","position":3,"name":"Durabilité et CSR"}]},{"@type":"WebSite","@id":"https://www.milanfierehotel.com/fr/#website","url":"https://www.milanfierehotel.com/fr/","name":"Voco Milan Fiere","description":"Just another ms.decms.eu site","publisher":{"@id":"https://www.milanfierehotel.com/fr/#organization"},"potentialAction":[{"@type":"SearchAction","target":{"@type":"EntryPoint","urlTemplate":"https://www.milanfierehotel.com/fr/?s={search_term_string}"},"query-input":{"@type":"PropertyValueSpecification","valueRequired":true,"valueName":"search_term_string"}}],"inLanguage":"fr-FR"},{"@type":"Organization","@id":"https://www.milanfierehotel.com/fr/#organization","name":"Voco Milano Fiere","url":"https://www.milanfierehotel.com/fr/","logo":{"@type":"ImageObject","inLanguage":"fr-FR","@id":"https://www.milanfierehotel.com/fr/#/schema/logo/image/","url":"https://www.milanfierehotel.com/wp-content/uploads/sites/402/2022/07/02-Hotel-Reception-voco-Milan-Fiere.jpg","contentUrl":"https://www.milanfierehotel.com/wp-content/uploads/sites/402/2022/07/02-Hotel-Reception-voco-Milan-Fiere.jpg","width":2200,"height":1200,"caption":"Voco Milano Fiere"},"image":{"@id":"https://www.milanfierehotel.com/fr/#/schema/logo/image/"}}]}</script>
<!-- / Yoast SEO plugin. -->

Durabilité et CSR - Voco Milan Fiere
