{"id":472,"date":"2022-06-29T15:00:02","date_gmt":"2022-06-29T15:00:02","guid":{"rendered":"https:\/\/vocomilanfieredefinitive.ms.decms.eu\/camere-e-suite\/suite\/"},"modified":"2025-03-20T16:59:15","modified_gmt":"2025-03-20T16:59:15","slug":"suite","status":"publish","type":"page","link":"https:\/\/www.milanfierehotel.com\/fr\/chambres-et-suites\/suite\/","title":{"rendered":"Suite"},"content":{"rendered":"<p><span style=\"font-weight: 400\">Tr\u00e8s spacieuses &#8211; <\/span><b>56 m<\/b><b>2<\/b><b> ! &#8211;\u00a0 \u00e9clair\u00e9s par une chaude lumi\u00e8re naturelle<\/b><span style=\"font-weight: 400\">, nos suites sont parfaites pour tous ceux qui refusent les compromis.<\/span><span style=\"font-weight: 400\"><br \/>\n<\/span><span style=\"font-weight: 400\">Chaque Suite se compose de <\/span><b>deux pi\u00e8ces distinctes<\/b><span style=\"font-weight: 400\"> : salon avec canap\u00e9-lit et chambre dot\u00e9e d\u2019un confortable lit King-size (avec linge de qualit\u00e9 r\u00e9alis\u00e9 \u00e0 partir de mat\u00e9riaux 100% recycl\u00e9s) et salle de bains avec baignoire et douche pour rendre votre s\u00e9jour tout simplement inoubliable.<\/span><span style=\"font-weight: 400\"><br \/>\n<\/span><span style=\"font-weight: 400\">Dot\u00e9es de 2 TV LCD avec Chromecast, Wi-Fi et coffre-fort, elles comprennent \u00e9galement l&rsquo;acc\u00e8s gratuit \u00e0 l&rsquo;espace Bien-\u00eatre de l&rsquo;h\u00f4tel avec bain turc, sauna et piscine.<\/span><\/p>\n","protected":false},"excerpt":{"rendered":"<p>Tr\u00e8s spacieuses &#8211; 56 m2 ! &#8211;\u00a0 \u00e9clair\u00e9s par une chaude lumi\u00e8re naturelle, nos suites sont parfaites pour tous ceux qui refusent les compromis. Chaque Suite se compose de deux pi\u00e8ces distinctes : salon avec canap\u00e9-lit et chambre dot\u00e9e d\u2019un confortable lit King-size (avec linge de qualit\u00e9 r\u00e9alis\u00e9 \u00e0 partir de mat\u00e9riaux 100% recycl\u00e9s) et [&hellip;]<\/p>\n","protected":false},"author":6,"featured_media":0,"parent":466,"menu_order":23,"comment_status":"closed","ping_status":"closed","template":"template-single-room.php","meta":{"footnotes":""},"class_list":["post-472","page","type-page","status-publish","hentry"],"yoast_head":"<!-- This site is optimized with the Yoast SEO plugin v26.9 - https:\/\/yoast.com\/product\/yoast-seo-wordpress\/ -->\n<title>Suites : lit king-size et coin salon | voco\u00ae Milan-Fiere<\/title>\n<meta name=\"description\" content=\"Prenez soin de vous dans la Suite avec lit king-size et coin salon. Id\u00e9ale pour les familles, avec baignoire-douche. Cliquez pour r\u00e9server au voco\u00ae Milan-Fiere.\" \/>\n<meta name=\"robots\" content=\"index, follow, max-snippet:-1, max-image-preview:large, max-video-preview:-1\" \/>\n<link rel=\"canonical\" href=\"https:\/\/www.milanfierehotel.com\/fr\/chambres-et-suites\/suite\/\" \/>\n<meta property=\"og:locale\" content=\"fr_FR\" \/>\n<meta property=\"og:type\" content=\"article\" \/>\n<meta property=\"og:title\" content=\"Suites : lit king-size et coin salon | voco\u00ae Milan-Fiere\" \/>\n<meta property=\"og:description\" content=\"Prenez soin de vous dans la Suite avec lit king-size et coin salon. Id\u00e9ale pour les familles, avec baignoire-douche. Cliquez pour r\u00e9server au voco\u00ae Milan-Fiere.\" \/>\n<meta property=\"og:url\" content=\"https:\/\/www.milanfierehotel.com\/fr\/chambres-et-suites\/suite\/\" \/>\n<meta property=\"og:site_name\" content=\"Voco Milan Fiere\" \/>\n<meta property=\"article:modified_time\" content=\"2025-03-20T16:59:15+00:00\" \/>\n<meta name=\"twitter:card\" content=\"summary_large_image\" \/>\n<meta name=\"twitter:label1\" content=\"Dur\u00e9e de lecture estim\u00e9e\" \/>\n\t<meta name=\"twitter:data1\" content=\"1 minute\" \/>\n<script type=\"application\/ld+json\" class=\"yoast-schema-graph\">{\"@context\":\"https:\/\/schema.org\",\"@graph\":[{\"@type\":\"WebPage\",\"@id\":\"https:\/\/www.milanfierehotel.com\/fr\/chambres-et-suites\/suite\/\",\"url\":\"https:\/\/www.milanfierehotel.com\/fr\/chambres-et-suites\/suite\/\",\"name\":\"Suites : lit king-size et coin salon | voco\u00ae Milan-Fiere\",\"isPartOf\":{\"@id\":\"https:\/\/www.milanfierehotel.com\/fr\/#website\"},\"datePublished\":\"2022-06-29T15:00:02+00:00\",\"dateModified\":\"2025-03-20T16:59:15+00:00\",\"description\":\"Prenez soin de vous dans la Suite avec lit king-size et coin salon. Id\u00e9ale pour les familles, avec baignoire-douche. Cliquez pour r\u00e9server au voco\u00ae Milan-Fiere.\",\"breadcrumb\":{\"@id\":\"https:\/\/www.milanfierehotel.com\/fr\/chambres-et-suites\/suite\/#breadcrumb\"},\"inLanguage\":\"fr-FR\",\"potentialAction\":[{\"@type\":\"ReadAction\",\"target\":[\"https:\/\/www.milanfierehotel.com\/fr\/chambres-et-suites\/suite\/\"]}]},{\"@type\":\"BreadcrumbList\",\"@id\":\"https:\/\/www.milanfierehotel.com\/fr\/chambres-et-suites\/suite\/#breadcrumb\",\"itemListElement\":[{\"@type\":\"ListItem\",\"position\":1,\"name\":\"Home\",\"item\":\"https:\/\/www.milanfierehotel.com\/fr\/\"},{\"@type\":\"ListItem\",\"position\":2,\"name\":\"Chambres &amp; Suites\",\"item\":\"https:\/\/www.milanfierehotel.com\/fr\/chambres-et-suites\/\"},{\"@type\":\"ListItem\",\"position\":3,\"name\":\"Suite\"}]},{\"@type\":\"WebSite\",\"@id\":\"https:\/\/www.milanfierehotel.com\/fr\/#website\",\"url\":\"https:\/\/www.milanfierehotel.com\/fr\/\",\"name\":\"Voco Milan Fiere\",\"description\":\"Just another ms.decms.eu site\",\"publisher\":{\"@id\":\"https:\/\/www.milanfierehotel.com\/fr\/#organization\"},\"potentialAction\":[{\"@type\":\"SearchAction\",\"target\":{\"@type\":\"EntryPoint\",\"urlTemplate\":\"https:\/\/www.milanfierehotel.com\/fr\/?s={search_term_string}\"},\"query-input\":{\"@type\":\"PropertyValueSpecification\",\"valueRequired\":true,\"valueName\":\"search_term_string\"}}],\"inLanguage\":\"fr-FR\"},{\"@type\":\"Organization\",\"@id\":\"https:\/\/www.milanfierehotel.com\/fr\/#organization\",\"name\":\"Voco Milano Fiere\",\"url\":\"https:\/\/www.milanfierehotel.com\/fr\/\",\"logo\":{\"@type\":\"ImageObject\",\"inLanguage\":\"fr-FR\",\"@id\":\"https:\/\/www.milanfierehotel.com\/fr\/#\/schema\/logo\/image\/\",\"url\":\"https:\/\/www.milanfierehotel.com\/wp-content\/uploads\/sites\/402\/2022\/07\/02-Hotel-Reception-voco-Milan-Fiere.jpg\",\"contentUrl\":\"https:\/\/www.milanfierehotel.com\/wp-content\/uploads\/sites\/402\/2022\/07\/02-Hotel-Reception-voco-Milan-Fiere.jpg\",\"width\":2200,\"height\":1200,\"caption\":\"Voco Milano Fiere\"},\"image\":{\"@id\":\"https:\/\/www.milanfierehotel.com\/fr\/#\/schema\/logo\/image\/\"}}]}<\/script>\n<!-- \/ Yoast SEO plugin. -->","yoast_head_json":{"title":"Suites : lit king-size et coin salon | voco\u00ae Milan-Fiere","description":"Prenez soin de vous dans la Suite avec lit king-size et coin salon. Id\u00e9ale pour les familles, avec baignoire-douche. Cliquez pour r\u00e9server au voco\u00ae Milan-Fiere.","robots":{"index":"index","follow":"follow","max-snippet":"max-snippet:-1","max-image-preview":"max-image-preview:large","max-video-preview":"max-video-preview:-1"},"canonical":"https:\/\/www.milanfierehotel.com\/fr\/chambres-et-suites\/suite\/","og_locale":"fr_FR","og_type":"article","og_title":"Suites : lit king-size et coin salon | voco\u00ae Milan-Fiere","og_description":"Prenez soin de vous dans la Suite avec lit king-size et coin salon. Id\u00e9ale pour les familles, avec baignoire-douche. Cliquez pour r\u00e9server au voco\u00ae Milan-Fiere.","og_url":"https:\/\/www.milanfierehotel.com\/fr\/chambres-et-suites\/suite\/","og_site_name":"Voco Milan Fiere","article_modified_time":"2025-03-20T16:59:15+00:00","twitter_card":"summary_large_image","twitter_misc":{"Dur\u00e9e de lecture estim\u00e9e":"1 minute"},"schema":{"@context":"https:\/\/schema.org","@graph":[{"@type":"WebPage","@id":"https:\/\/www.milanfierehotel.com\/fr\/chambres-et-suites\/suite\/","url":"https:\/\/www.milanfierehotel.com\/fr\/chambres-et-suites\/suite\/","name":"Suites : lit king-size et coin salon | voco\u00ae Milan-Fiere","isPartOf":{"@id":"https:\/\/www.milanfierehotel.com\/fr\/#website"},"datePublished":"2022-06-29T15:00:02+00:00","dateModified":"2025-03-20T16:59:15+00:00","description":"Prenez soin de vous dans la Suite avec lit king-size et coin salon. Id\u00e9ale pour les familles, avec baignoire-douche. Cliquez pour r\u00e9server au voco\u00ae Milan-Fiere.","breadcrumb":{"@id":"https:\/\/www.milanfierehotel.com\/fr\/chambres-et-suites\/suite\/#breadcrumb"},"inLanguage":"fr-FR","potentialAction":[{"@type":"ReadAction","target":["https:\/\/www.milanfierehotel.com\/fr\/chambres-et-suites\/suite\/"]}]},{"@type":"BreadcrumbList","@id":"https:\/\/www.milanfierehotel.com\/fr\/chambres-et-suites\/suite\/#breadcrumb","itemListElement":[{"@type":"ListItem","position":1,"name":"Home","item":"https:\/\/www.milanfierehotel.com\/fr\/"},{"@type":"ListItem","position":2,"name":"Chambres &amp; Suites","item":"https:\/\/www.milanfierehotel.com\/fr\/chambres-et-suites\/"},{"@type":"ListItem","position":3,"name":"Suite"}]},{"@type":"WebSite","@id":"https:\/\/www.milanfierehotel.com\/fr\/#website","url":"https:\/\/www.milanfierehotel.com\/fr\/","name":"Voco Milan Fiere","description":"Just another ms.decms.eu site","publisher":{"@id":"https:\/\/www.milanfierehotel.com\/fr\/#organization"},"potentialAction":[{"@type":"SearchAction","target":{"@type":"EntryPoint","urlTemplate":"https:\/\/www.milanfierehotel.com\/fr\/?s={search_term_string}"},"query-input":{"@type":"PropertyValueSpecification","valueRequired":true,"valueName":"search_term_string"}}],"inLanguage":"fr-FR"},{"@type":"Organization","@id":"https:\/\/www.milanfierehotel.com\/fr\/#organization","name":"Voco Milano Fiere","url":"https:\/\/www.milanfierehotel.com\/fr\/","logo":{"@type":"ImageObject","inLanguage":"fr-FR","@id":"https:\/\/www.milanfierehotel.com\/fr\/#\/schema\/logo\/image\/","url":"https:\/\/www.milanfierehotel.com\/wp-content\/uploads\/sites\/402\/2022\/07\/02-Hotel-Reception-voco-Milan-Fiere.jpg","contentUrl":"https:\/\/www.milanfierehotel.com\/wp-content\/uploads\/sites\/402\/2022\/07\/02-Hotel-Reception-voco-Milan-Fiere.jpg","width":2200,"height":1200,"caption":"Voco Milano Fiere"},"image":{"@id":"https:\/\/www.milanfierehotel.com\/fr\/#\/schema\/logo\/image\/"}}]}},"acf":[],"_links":{"self":[{"href":"https:\/\/www.milanfierehotel.com\/fr\/wp-json\/wp\/v2\/pages\/472","targetHints":{"allow":["GET"]}}],"collection":[{"href":"https:\/\/www.milanfierehotel.com\/fr\/wp-json\/wp\/v2\/pages"}],"about":[{"href":"https:\/\/www.milanfierehotel.com\/fr\/wp-json\/wp\/v2\/types\/page"}],"author":[{"embeddable":true,"href":"https:\/\/www.milanfierehotel.com\/fr\/wp-json\/wp\/v2\/users\/6"}],"replies":[{"embeddable":true,"href":"https:\/\/www.milanfierehotel.com\/fr\/wp-json\/wp\/v2\/comments?post=472"}],"version-history":[{"count":0,"href":"https:\/\/www.milanfierehotel.com\/fr\/wp-json\/wp\/v2\/pages\/472\/revisions"}],"up":[{"embeddable":true,"href":"https:\/\/www.milanfierehotel.com\/fr\/wp-json\/wp\/v2\/pages\/466"}],"wp:attachment":[{"href":"https:\/\/www.milanfierehotel.com\/fr\/wp-json\/wp\/v2\/media?parent=472"}],"curies":[{"name":"wp","href":"https:\/\/api.w.org\/{rel}","templated":true}]}}

<p><span style="font-weight: 400">Très spacieuses &#8211; </span><b>56 m</b><b>2</b><b> ! &#8211;  éclairés par une chaude lumière naturelle</b><span style="font-weight: 400">, nos suites sont parfaites pour tous ceux qui refusent les compromis.</span><span style="font-weight: 400"><br />
</span><span style="font-weight: 400">Chaque Suite se compose de </span><b>deux pièces distinctes</b><span style="font-weight: 400"> : salon avec canapé-lit et chambre dotée d’un confortable lit King-size (avec linge de qualité réalisé à partir de matériaux 100% recyclés) et salle de bains avec baignoire et douche pour rendre votre séjour tout simplement inoubliable.</span><span style="font-weight: 400"><br />
</span><span style="font-weight: 400">Dotées de 2 TV LCD avec Chromecast, Wi-Fi et coffre-fort, elles comprennent également l&rsquo;accès gratuit à l&rsquo;espace Bien-être de l&rsquo;hôtel avec bain turc, sauna et piscine.</span></p>

<p>Très spacieuses &#8211; 56 m2 ! &#8211;  éclairés par une chaude lumière naturelle, nos suites sont parfaites pour tous ceux qui refusent les compromis. Chaque Suite se compose de deux pièces distinctes : salon avec canapé-lit et chambre dotée d’un confortable lit King-size (avec linge de qualité réalisé à partir de matériaux 100% recyclés) et [&hellip;]</p>

<!-- This site is optimized with the Yoast SEO plugin v26.9 - https://yoast.com/product/yoast-seo-wordpress/ -->
<title>Suites : lit king-size et coin salon | voco® Milan-Fiere</title>
<meta name="description" content="Prenez soin de vous dans la Suite avec lit king-size et coin salon. Idéale pour les familles, avec baignoire-douche. Cliquez pour réserver au voco® Milan-Fiere." />
<meta name="robots" content="index, follow, max-snippet:-1, max-image-preview:large, max-video-preview:-1" />
<link rel="canonical" href="https://www.milanfierehotel.com/fr/chambres-et-suites/suite/" />
<meta property="og:locale" content="fr_FR" />
<meta property="og:type" content="article" />
<meta property="og:title" content="Suites : lit king-size et coin salon | voco® Milan-Fiere" />
<meta property="og:description" content="Prenez soin de vous dans la Suite avec lit king-size et coin salon. Idéale pour les familles, avec baignoire-douche. Cliquez pour réserver au voco® Milan-Fiere." />
<meta property="og:url" content="https://www.milanfierehotel.com/fr/chambres-et-suites/suite/" />
<meta property="og:site_name" content="Voco Milan Fiere" />
<meta property="article:modified_time" content="2025-03-20T16:59:15+00:00" />
<meta name="twitter:card" content="summary_large_image" />
<meta name="twitter:label1" content="Durée de lecture estimée" />
	<meta name="twitter:data1" content="1 minute" />
<script type="application/ld+json" class="yoast-schema-graph">{"@context":"https://schema.org","@graph":[{"@type":"WebPage","@id":"https://www.milanfierehotel.com/fr/chambres-et-suites/suite/","url":"https://www.milanfierehotel.com/fr/chambres-et-suites/suite/","name":"Suites : lit king-size et coin salon | voco® Milan-Fiere","isPartOf":{"@id":"https://www.milanfierehotel.com/fr/#website"},"datePublished":"2022-06-29T15:00:02+00:00","dateModified":"2025-03-20T16:59:15+00:00","description":"Prenez soin de vous dans la Suite avec lit king-size et coin salon. Idéale pour les familles, avec baignoire-douche. Cliquez pour réserver au voco® Milan-Fiere.","breadcrumb":{"@id":"https://www.milanfierehotel.com/fr/chambres-et-suites/suite/#breadcrumb"},"inLanguage":"fr-FR","potentialAction":[{"@type":"ReadAction","target":["https://www.milanfierehotel.com/fr/chambres-et-suites/suite/"]}]},{"@type":"BreadcrumbList","@id":"https://www.milanfierehotel.com/fr/chambres-et-suites/suite/#breadcrumb","itemListElement":[{"@type":"ListItem","position":1,"name":"Home","item":"https://www.milanfierehotel.com/fr/"},{"@type":"ListItem","position":2,"name":"Chambres &amp; Suites","item":"https://www.milanfierehotel.com/fr/chambres-et-suites/"},{"@type":"ListItem","position":3,"name":"Suite"}]},{"@type":"WebSite","@id":"https://www.milanfierehotel.com/fr/#website","url":"https://www.milanfierehotel.com/fr/","name":"Voco Milan Fiere","description":"Just another ms.decms.eu site","publisher":{"@id":"https://www.milanfierehotel.com/fr/#organization"},"potentialAction":[{"@type":"SearchAction","target":{"@type":"EntryPoint","urlTemplate":"https://www.milanfierehotel.com/fr/?s={search_term_string}"},"query-input":{"@type":"PropertyValueSpecification","valueRequired":true,"valueName":"search_term_string"}}],"inLanguage":"fr-FR"},{"@type":"Organization","@id":"https://www.milanfierehotel.com/fr/#organization","name":"Voco Milano Fiere","url":"https://www.milanfierehotel.com/fr/","logo":{"@type":"ImageObject","inLanguage":"fr-FR","@id":"https://www.milanfierehotel.com/fr/#/schema/logo/image/","url":"https://www.milanfierehotel.com/wp-content/uploads/sites/402/2022/07/02-Hotel-Reception-voco-Milan-Fiere.jpg","contentUrl":"https://www.milanfierehotel.com/wp-content/uploads/sites/402/2022/07/02-Hotel-Reception-voco-Milan-Fiere.jpg","width":2200,"height":1200,"caption":"Voco Milano Fiere"},"image":{"@id":"https://www.milanfierehotel.com/fr/#/schema/logo/image/"}}]}</script>
<!-- / Yoast SEO plugin. -->

Prenez soin de vous dans la Suite avec lit king-size et coin salon. Idéale pour les familles, avec baignoire-douche. Cliquez pour réserver au voco® Milan-Fiere.
