{"id":510,"date":"2022-07-01T14:22:42","date_gmt":"2022-07-01T14:22:42","guid":{"rendered":"https:\/\/vocomilanfieredefinitive.ms.decms.eu\/servizi\/business-hotel\/"},"modified":"2022-08-31T13:00:11","modified_gmt":"2022-08-31T13:00:11","slug":"business-hotel","status":"publish","type":"page","link":"https:\/\/www.milanfierehotel.com\/fr\/services\/business-hotel\/","title":{"rendered":"Business Hotel"},"content":{"rendered":"<p><span style=\"font-weight: 400;\">Fid\u00e8les \u00e0 notre philosophie \u00ab\u00a0<\/span><i><span style=\"font-weight: 400;\">work hard, have fun<\/span><\/i><span style=\"font-weight: 400;\">\u00ab\u00a0, nous avons fait du voco\u00ae Milan-Fiere le point de rencontre id\u00e9al pour les <\/span><b>business travelers<\/b><span style=\"font-weight: 400;\">, les <\/span><b>nomades num\u00e9riques<\/b><span style=\"font-weight: 400;\"> et les <\/span><b>managers<\/b><span style=\"font-weight: 400;\"> toujours en voyage d\u2019affaires. B\u00e9n\u00e9ficiant d\u2019un <\/span><b>emplacement strat\u00e9gique<\/b><span style=\"font-weight: 400;\">, loin de la circulation milanaise mais \u00e0 proximit\u00e9 de tous les principaux <\/span><b>business hub de la city<\/b><span style=\"font-weight: 400;\">, l&rsquo;h\u00f4tel est situ\u00e9 \u00e0 quelques minutes de la sortie de l&rsquo;autoroute et repr\u00e9sente la solution id\u00e9ale pour tous les voyageurs en perp\u00e9tuel d\u00e9placement professionnel.\u00a0<\/span><\/p>\n<p><span style=\"font-weight: 400;\">Business h\u00f4tel de derni\u00e8re g\u00e9n\u00e9ration, le voco\u00ae Milan-Fiere met \u00e0 la disposition de ses clients des <\/span><b>espaces communs design<\/b><span style=\"font-weight: 400;\"> sp\u00e9cialement con\u00e7us pour le <\/span><b>smart<\/b><span style=\"font-weight: 400;\"> et le <\/span><b>co-working<\/b><span style=\"font-weight: 400;\"> ou pour rencontrer des clients, tous \u00e9quip\u00e9s d&rsquo;une <\/span><b>connexion wi-fi rapide et gratuite<\/b><span style=\"font-weight: 400;\">.<\/span> <span style=\"font-weight: 400;\">Pour ceux qui doivent organiser des <\/span><b>r\u00e9unions et \u00e9v\u00e9nements<\/b><span style=\"font-weight: 400;\">, l&rsquo;h\u00f4tel propose <\/span><b>sept espaces multifonctionnels<\/b><span style=\"font-weight: 400;\"> pouvant accueillir jusqu&rsquo;\u00e0 630 personnes, l\u2019id\u00e9al pour cr\u00e9er des \u00e9v\u00e9nements r\u00e9ussis et inoubliables.<\/span><span style=\"font-weight: 400;\"><br \/>\n<\/span><\/p>\n","protected":false},"excerpt":{"rendered":"<p>Fid\u00e8les \u00e0 notre philosophie \u00ab\u00a0work hard, have fun\u00ab\u00a0, nous avons fait du voco\u00ae Milan-Fiere le point de rencontre id\u00e9al pour les business travelers, les nomades num\u00e9riques et les managers toujours en voyage d\u2019affaires. B\u00e9n\u00e9ficiant d\u2019un emplacement strat\u00e9gique, loin de la circulation milanaise mais \u00e0 proximit\u00e9 de tous les principaux business hub de la city, l&rsquo;h\u00f4tel [&hellip;]<\/p>\n","protected":false},"author":6,"featured_media":0,"parent":504,"menu_order":63,"comment_status":"closed","ping_status":"closed","template":"template-default-4.php","meta":{"footnotes":""},"class_list":["post-510","page","type-page","status-publish","hentry"],"yoast_head":"<!-- This site is optimized with the Yoast SEO plugin v26.9 - https:\/\/yoast.com\/product\/yoast-seo-wordpress\/ -->\n<title>Business H\u00f4tel : services pour voyages d&#039;affaires | voco\u00ae Milan-Fiere<\/title>\n<meta name=\"description\" content=\"Tirez le meilleur parti de vos voyages d&#039;affaires. Vous y trouverez des espaces de co-working, des \u00e9quipements et des services d\u00e9di\u00e9s, des chambres avec espace pour le t\u00e9l\u00e9travail. En savoir plus !\" \/>\n<meta name=\"robots\" content=\"index, follow, max-snippet:-1, max-image-preview:large, max-video-preview:-1\" \/>\n<link rel=\"canonical\" href=\"https:\/\/www.milanfierehotel.com\/fr\/services\/business-hotel\/\" \/>\n<meta property=\"og:locale\" content=\"fr_FR\" \/>\n<meta property=\"og:type\" content=\"article\" \/>\n<meta property=\"og:title\" content=\"Business H\u00f4tel : services pour voyages d&#039;affaires | voco\u00ae Milan-Fiere\" \/>\n<meta property=\"og:description\" content=\"Tirez le meilleur parti de vos voyages d&#039;affaires. Vous y trouverez des espaces de co-working, des \u00e9quipements et des services d\u00e9di\u00e9s, des chambres avec espace pour le t\u00e9l\u00e9travail. En savoir plus !\" \/>\n<meta property=\"og:url\" content=\"https:\/\/www.milanfierehotel.com\/fr\/services\/business-hotel\/\" \/>\n<meta property=\"og:site_name\" content=\"Voco Milan Fiere\" \/>\n<meta property=\"article:modified_time\" content=\"2022-08-31T13:00:11+00:00\" \/>\n<meta name=\"twitter:card\" content=\"summary_large_image\" \/>\n<meta name=\"twitter:label1\" content=\"Dur\u00e9e de lecture estim\u00e9e\" \/>\n\t<meta name=\"twitter:data1\" content=\"1 minute\" \/>\n<script type=\"application\/ld+json\" class=\"yoast-schema-graph\">{\"@context\":\"https:\/\/schema.org\",\"@graph\":[{\"@type\":\"WebPage\",\"@id\":\"https:\/\/www.milanfierehotel.com\/fr\/services\/business-hotel\/\",\"url\":\"https:\/\/www.milanfierehotel.com\/fr\/services\/business-hotel\/\",\"name\":\"Business H\u00f4tel : services pour voyages d'affaires | voco\u00ae Milan-Fiere\",\"isPartOf\":{\"@id\":\"https:\/\/www.milanfierehotel.com\/fr\/#website\"},\"datePublished\":\"2022-07-01T14:22:42+00:00\",\"dateModified\":\"2022-08-31T13:00:11+00:00\",\"description\":\"Tirez le meilleur parti de vos voyages d'affaires. Vous y trouverez des espaces de co-working, des \u00e9quipements et des services d\u00e9di\u00e9s, des chambres avec espace pour le t\u00e9l\u00e9travail. En savoir plus !\",\"breadcrumb\":{\"@id\":\"https:\/\/www.milanfierehotel.com\/fr\/services\/business-hotel\/#breadcrumb\"},\"inLanguage\":\"fr-FR\",\"potentialAction\":[{\"@type\":\"ReadAction\",\"target\":[\"https:\/\/www.milanfierehotel.com\/fr\/services\/business-hotel\/\"]}]},{\"@type\":\"BreadcrumbList\",\"@id\":\"https:\/\/www.milanfierehotel.com\/fr\/services\/business-hotel\/#breadcrumb\",\"itemListElement\":[{\"@type\":\"ListItem\",\"position\":1,\"name\":\"Home\",\"item\":\"https:\/\/www.milanfierehotel.com\/fr\/\"},{\"@type\":\"ListItem\",\"position\":2,\"name\":\"Services\",\"item\":\"https:\/\/www.milanfierehotel.com\/fr\/services\/\"},{\"@type\":\"ListItem\",\"position\":3,\"name\":\"Business Hotel\"}]},{\"@type\":\"WebSite\",\"@id\":\"https:\/\/www.milanfierehotel.com\/fr\/#website\",\"url\":\"https:\/\/www.milanfierehotel.com\/fr\/\",\"name\":\"Voco Milan Fiere\",\"description\":\"Just another ms.decms.eu site\",\"publisher\":{\"@id\":\"https:\/\/www.milanfierehotel.com\/fr\/#organization\"},\"potentialAction\":[{\"@type\":\"SearchAction\",\"target\":{\"@type\":\"EntryPoint\",\"urlTemplate\":\"https:\/\/www.milanfierehotel.com\/fr\/?s={search_term_string}\"},\"query-input\":{\"@type\":\"PropertyValueSpecification\",\"valueRequired\":true,\"valueName\":\"search_term_string\"}}],\"inLanguage\":\"fr-FR\"},{\"@type\":\"Organization\",\"@id\":\"https:\/\/www.milanfierehotel.com\/fr\/#organization\",\"name\":\"Voco Milano Fiere\",\"url\":\"https:\/\/www.milanfierehotel.com\/fr\/\",\"logo\":{\"@type\":\"ImageObject\",\"inLanguage\":\"fr-FR\",\"@id\":\"https:\/\/www.milanfierehotel.com\/fr\/#\/schema\/logo\/image\/\",\"url\":\"https:\/\/www.milanfierehotel.com\/wp-content\/uploads\/sites\/402\/2022\/07\/02-Hotel-Reception-voco-Milan-Fiere.jpg\",\"contentUrl\":\"https:\/\/www.milanfierehotel.com\/wp-content\/uploads\/sites\/402\/2022\/07\/02-Hotel-Reception-voco-Milan-Fiere.jpg\",\"width\":2200,\"height\":1200,\"caption\":\"Voco Milano Fiere\"},\"image\":{\"@id\":\"https:\/\/www.milanfierehotel.com\/fr\/#\/schema\/logo\/image\/\"}}]}<\/script>\n<!-- \/ Yoast SEO plugin. -->","yoast_head_json":{"title":"Business H\u00f4tel : services pour voyages d'affaires | voco\u00ae Milan-Fiere","description":"Tirez le meilleur parti de vos voyages d'affaires. Vous y trouverez des espaces de co-working, des \u00e9quipements et des services d\u00e9di\u00e9s, des chambres avec espace pour le t\u00e9l\u00e9travail. En savoir plus !","robots":{"index":"index","follow":"follow","max-snippet":"max-snippet:-1","max-image-preview":"max-image-preview:large","max-video-preview":"max-video-preview:-1"},"canonical":"https:\/\/www.milanfierehotel.com\/fr\/services\/business-hotel\/","og_locale":"fr_FR","og_type":"article","og_title":"Business H\u00f4tel : services pour voyages d'affaires | voco\u00ae Milan-Fiere","og_description":"Tirez le meilleur parti de vos voyages d'affaires. Vous y trouverez des espaces de co-working, des \u00e9quipements et des services d\u00e9di\u00e9s, des chambres avec espace pour le t\u00e9l\u00e9travail. En savoir plus !","og_url":"https:\/\/www.milanfierehotel.com\/fr\/services\/business-hotel\/","og_site_name":"Voco Milan Fiere","article_modified_time":"2022-08-31T13:00:11+00:00","twitter_card":"summary_large_image","twitter_misc":{"Dur\u00e9e de lecture estim\u00e9e":"1 minute"},"schema":{"@context":"https:\/\/schema.org","@graph":[{"@type":"WebPage","@id":"https:\/\/www.milanfierehotel.com\/fr\/services\/business-hotel\/","url":"https:\/\/www.milanfierehotel.com\/fr\/services\/business-hotel\/","name":"Business H\u00f4tel : services pour voyages d'affaires | voco\u00ae Milan-Fiere","isPartOf":{"@id":"https:\/\/www.milanfierehotel.com\/fr\/#website"},"datePublished":"2022-07-01T14:22:42+00:00","dateModified":"2022-08-31T13:00:11+00:00","description":"Tirez le meilleur parti de vos voyages d'affaires. Vous y trouverez des espaces de co-working, des \u00e9quipements et des services d\u00e9di\u00e9s, des chambres avec espace pour le t\u00e9l\u00e9travail. En savoir plus !","breadcrumb":{"@id":"https:\/\/www.milanfierehotel.com\/fr\/services\/business-hotel\/#breadcrumb"},"inLanguage":"fr-FR","potentialAction":[{"@type":"ReadAction","target":["https:\/\/www.milanfierehotel.com\/fr\/services\/business-hotel\/"]}]},{"@type":"BreadcrumbList","@id":"https:\/\/www.milanfierehotel.com\/fr\/services\/business-hotel\/#breadcrumb","itemListElement":[{"@type":"ListItem","position":1,"name":"Home","item":"https:\/\/www.milanfierehotel.com\/fr\/"},{"@type":"ListItem","position":2,"name":"Services","item":"https:\/\/www.milanfierehotel.com\/fr\/services\/"},{"@type":"ListItem","position":3,"name":"Business Hotel"}]},{"@type":"WebSite","@id":"https:\/\/www.milanfierehotel.com\/fr\/#website","url":"https:\/\/www.milanfierehotel.com\/fr\/","name":"Voco Milan Fiere","description":"Just another ms.decms.eu site","publisher":{"@id":"https:\/\/www.milanfierehotel.com\/fr\/#organization"},"potentialAction":[{"@type":"SearchAction","target":{"@type":"EntryPoint","urlTemplate":"https:\/\/www.milanfierehotel.com\/fr\/?s={search_term_string}"},"query-input":{"@type":"PropertyValueSpecification","valueRequired":true,"valueName":"search_term_string"}}],"inLanguage":"fr-FR"},{"@type":"Organization","@id":"https:\/\/www.milanfierehotel.com\/fr\/#organization","name":"Voco Milano Fiere","url":"https:\/\/www.milanfierehotel.com\/fr\/","logo":{"@type":"ImageObject","inLanguage":"fr-FR","@id":"https:\/\/www.milanfierehotel.com\/fr\/#\/schema\/logo\/image\/","url":"https:\/\/www.milanfierehotel.com\/wp-content\/uploads\/sites\/402\/2022\/07\/02-Hotel-Reception-voco-Milan-Fiere.jpg","contentUrl":"https:\/\/www.milanfierehotel.com\/wp-content\/uploads\/sites\/402\/2022\/07\/02-Hotel-Reception-voco-Milan-Fiere.jpg","width":2200,"height":1200,"caption":"Voco Milano Fiere"},"image":{"@id":"https:\/\/www.milanfierehotel.com\/fr\/#\/schema\/logo\/image\/"}}]}},"acf":[],"_links":{"self":[{"href":"https:\/\/www.milanfierehotel.com\/fr\/wp-json\/wp\/v2\/pages\/510","targetHints":{"allow":["GET"]}}],"collection":[{"href":"https:\/\/www.milanfierehotel.com\/fr\/wp-json\/wp\/v2\/pages"}],"about":[{"href":"https:\/\/www.milanfierehotel.com\/fr\/wp-json\/wp\/v2\/types\/page"}],"author":[{"embeddable":true,"href":"https:\/\/www.milanfierehotel.com\/fr\/wp-json\/wp\/v2\/users\/6"}],"replies":[{"embeddable":true,"href":"https:\/\/www.milanfierehotel.com\/fr\/wp-json\/wp\/v2\/comments?post=510"}],"version-history":[{"count":0,"href":"https:\/\/www.milanfierehotel.com\/fr\/wp-json\/wp\/v2\/pages\/510\/revisions"}],"up":[{"embeddable":true,"href":"https:\/\/www.milanfierehotel.com\/fr\/wp-json\/wp\/v2\/pages\/504"}],"wp:attachment":[{"href":"https:\/\/www.milanfierehotel.com\/fr\/wp-json\/wp\/v2\/media?parent=510"}],"curies":[{"name":"wp","href":"https:\/\/api.w.org\/{rel}","templated":true}]}}

<p><span style="font-weight: 400;">Fidèles à notre philosophie « </span><i><span style="font-weight: 400;">work hard, have fun</span></i><span style="font-weight: 400;">« , nous avons fait du voco® Milan-Fiere le point de rencontre idéal pour les </span><b>business travelers</b><span style="font-weight: 400;">, les </span><b>nomades numériques</b><span style="font-weight: 400;"> et les </span><b>managers</b><span style="font-weight: 400;"> toujours en voyage d’affaires. Bénéficiant d’un </span><b>emplacement stratégique</b><span style="font-weight: 400;">, loin de la circulation milanaise mais à proximité de tous les principaux </span><b>business hub de la city</b><span style="font-weight: 400;">, l&rsquo;hôtel est situé à quelques minutes de la sortie de l&rsquo;autoroute et représente la solution idéale pour tous les voyageurs en perpétuel déplacement professionnel. </span></p>
<p><span style="font-weight: 400;">Business hôtel de dernière génération, le voco® Milan-Fiere met à la disposition de ses clients des </span><b>espaces communs design</b><span style="font-weight: 400;"> spécialement conçus pour le </span><b>smart</b><span style="font-weight: 400;"> et le </span><b>co-working</b><span style="font-weight: 400;"> ou pour rencontrer des clients, tous équipés d&rsquo;une </span><b>connexion wi-fi rapide et gratuite</b><span style="font-weight: 400;">.</span> <span style="font-weight: 400;">Pour ceux qui doivent organiser des </span><b>réunions et événements</b><span style="font-weight: 400;">, l&rsquo;hôtel propose </span><b>sept espaces multifonctionnels</b><span style="font-weight: 400;"> pouvant accueillir jusqu&rsquo;à 630 personnes, l’idéal pour créer des événements réussis et inoubliables.</span><span style="font-weight: 400;"><br />
</span></p>

<p>Fidèles à notre philosophie « work hard, have fun« , nous avons fait du voco® Milan-Fiere le point de rencontre idéal pour les business travelers, les nomades numériques et les managers toujours en voyage d’affaires. Bénéficiant d’un emplacement stratégique, loin de la circulation milanaise mais à proximité de tous les principaux business hub de la city, l&rsquo;hôtel [&hellip;]</p>

<!-- This site is optimized with the Yoast SEO plugin v26.9 - https://yoast.com/product/yoast-seo-wordpress/ -->
<title>Business Hôtel : services pour voyages d&#039;affaires | voco® Milan-Fiere</title>
<meta name="description" content="Tirez le meilleur parti de vos voyages d&#039;affaires. Vous y trouverez des espaces de co-working, des équipements et des services dédiés, des chambres avec espace pour le télétravail. En savoir plus !" />
<meta name="robots" content="index, follow, max-snippet:-1, max-image-preview:large, max-video-preview:-1" />
<link rel="canonical" href="https://www.milanfierehotel.com/fr/services/business-hotel/" />
<meta property="og:locale" content="fr_FR" />
<meta property="og:type" content="article" />
<meta property="og:title" content="Business Hôtel : services pour voyages d&#039;affaires | voco® Milan-Fiere" />
<meta property="og:description" content="Tirez le meilleur parti de vos voyages d&#039;affaires. Vous y trouverez des espaces de co-working, des équipements et des services dédiés, des chambres avec espace pour le télétravail. En savoir plus !" />
<meta property="og:url" content="https://www.milanfierehotel.com/fr/services/business-hotel/" />
<meta property="og:site_name" content="Voco Milan Fiere" />
<meta property="article:modified_time" content="2022-08-31T13:00:11+00:00" />
<meta name="twitter:card" content="summary_large_image" />
<meta name="twitter:label1" content="Durée de lecture estimée" />
	<meta name="twitter:data1" content="1 minute" />
<script type="application/ld+json" class="yoast-schema-graph">{"@context":"https://schema.org","@graph":[{"@type":"WebPage","@id":"https://www.milanfierehotel.com/fr/services/business-hotel/","url":"https://www.milanfierehotel.com/fr/services/business-hotel/","name":"Business Hôtel : services pour voyages d'affaires | voco® Milan-Fiere","isPartOf":{"@id":"https://www.milanfierehotel.com/fr/#website"},"datePublished":"2022-07-01T14:22:42+00:00","dateModified":"2022-08-31T13:00:11+00:00","description":"Tirez le meilleur parti de vos voyages d'affaires. Vous y trouverez des espaces de co-working, des équipements et des services dédiés, des chambres avec espace pour le télétravail. En savoir plus !","breadcrumb":{"@id":"https://www.milanfierehotel.com/fr/services/business-hotel/#breadcrumb"},"inLanguage":"fr-FR","potentialAction":[{"@type":"ReadAction","target":["https://www.milanfierehotel.com/fr/services/business-hotel/"]}]},{"@type":"BreadcrumbList","@id":"https://www.milanfierehotel.com/fr/services/business-hotel/#breadcrumb","itemListElement":[{"@type":"ListItem","position":1,"name":"Home","item":"https://www.milanfierehotel.com/fr/"},{"@type":"ListItem","position":2,"name":"Services","item":"https://www.milanfierehotel.com/fr/services/"},{"@type":"ListItem","position":3,"name":"Business Hotel"}]},{"@type":"WebSite","@id":"https://www.milanfierehotel.com/fr/#website","url":"https://www.milanfierehotel.com/fr/","name":"Voco Milan Fiere","description":"Just another ms.decms.eu site","publisher":{"@id":"https://www.milanfierehotel.com/fr/#organization"},"potentialAction":[{"@type":"SearchAction","target":{"@type":"EntryPoint","urlTemplate":"https://www.milanfierehotel.com/fr/?s={search_term_string}"},"query-input":{"@type":"PropertyValueSpecification","valueRequired":true,"valueName":"search_term_string"}}],"inLanguage":"fr-FR"},{"@type":"Organization","@id":"https://www.milanfierehotel.com/fr/#organization","name":"Voco Milano Fiere","url":"https://www.milanfierehotel.com/fr/","logo":{"@type":"ImageObject","inLanguage":"fr-FR","@id":"https://www.milanfierehotel.com/fr/#/schema/logo/image/","url":"https://www.milanfierehotel.com/wp-content/uploads/sites/402/2022/07/02-Hotel-Reception-voco-Milan-Fiere.jpg","contentUrl":"https://www.milanfierehotel.com/wp-content/uploads/sites/402/2022/07/02-Hotel-Reception-voco-Milan-Fiere.jpg","width":2200,"height":1200,"caption":"Voco Milano Fiere"},"image":{"@id":"https://www.milanfierehotel.com/fr/#/schema/logo/image/"}}]}</script>
<!-- / Yoast SEO plugin. -->

Business Hôtel : services pour voyages d'affaires | voco® Milan-Fiere

Tirez le meilleur parti de vos voyages d'affaires. Vous y trouverez des espaces de co-working, des équipements et des services dédiés, des chambres avec espace pour le télétravail. En savoir plus !
